17 divide 5914666?
False
Is 99 a factor of 3307491?
True
Does 12 divide 3245808?
True
Is 41629 a multiple of 19?
True
Is 216 a factor of 1140912?
True
Is 5698678 a multiple of 179?
False
Is 65 a factor of 3259555?
True
Is 1533 a factor of 1560594?
True
Does 11 divide 7691662?
True
Is 1512320 a multiple of 20?
True
Does 5 divide 433485?
True
Is 65 a factor of 652417?
False
Is 114120 a multiple of 10?
True
Is 3035 a multiple of 23?
False
Is 1391075 a multiple of 10?
False
Does 67 divide 430073?
True
Is 7802165 a multiple of 5?
True
Is 629 a factor of 7885773?
True
Does 908 divide 1297644?
False
Is 166 a factor of 3672584?
True
Is 19778 a multiple of 29?
True
Is 14 a factor of 283528?
True
Is 81112 a multiple of 6?
False
Does 24 divide 1362096?
True
Is 158862 a multiple of 33?
True
Is 43303 a multiple of 2?
False
Does 3 divide 92739?
True
Is 12 a factor of 2172?
True
Does 118 divide 36064?
False
Is 120 a factor of 1009320?
True
Does 599 divide 1765253?
True
Does 46 divide 10841166?
False
Does 8 divide 3254264?
True
Does 104 divide 2247544?
True
Does 318 divide 320226?
True
Is 79180 a multiple of 214?
True
Is 26656 a multiple of 29?
False
Does 382 divide 1101201?
False
Does 8 divide 189336?
True
Is 3 a factor of 36198?
True
Is 11 a factor of 270457?
True
Does 36 divide 6927048?
True
Does 10 divide 20475959?
False
Is 13 a factor of 13130325?
True
Is 18985 a multiple of 5?
True
Does 160 divide 607360?
True
Is 1998650 a multiple of 50?
True
Is 598276 a multiple of 161?
True
Is 3859893 a multiple of 27?
True
Does 41 divide 10575?
False
Is 27328 a multiple of 32?
True
Does 457 divide 100540?
True
Does 2 divide 69182?
True
Does 383 divide 2490266?
True
Is 1232131 a multiple of 19?
True
Is 425289 a multiple of 31?
True
Is 295 a factor of 613600?
True
Is 16 a factor of 4335361?
False
Is 771 a factor of 21431711?
False
Is 5 a factor of 2245988?
False
Is 31 a factor of 243961?
False
Is 1376 a factor of 8738008?
False
Is 51 a factor of 441583?
False
Is 21 a factor of 25410?
True
Does 40 divide 1378440?
True
Is 958806 a multiple of 18?
True
Does 130 divide 6760?
True
Does 8 divide 46032?
True
Is 178373 a multiple of 62?
False
Is 134 a factor of 273494?
True
Is 4834269 a multiple of 87?
False
Is 26 a factor of 416546?
True
Does 701 divide 5337414?
True
Does 88 divide 1287440?
True
Is 38 a factor of 324433?
False
Is 33 a factor of 377454?
True
Is 2053557 a multiple of 9?
True
Is 5 a factor of 17947?
False
Does 26 divide 138034?
True
Is 2325277 a multiple of 155?
False
Does 260 divide 1195711?
False
Does 12 divide 66780?
True
Does 5 divide 3185235?
True
Does 128 divide 778746?
False
Does 3 divide 39694?
False
Is 197625 a multiple of 51?
True
Is 2657656 a multiple of 84?
False
Does 589 divide 8256640?
False
Does 21 divide 179928?
True
Is 9 a factor of 13949136?
True
Does 747 divide 2405340?
True
Does 26 divide 10704044?
True
Is 444605 a multiple of 13?
False
Is 438823 a multiple of 87?
False
Is 19 a factor of 66329?
True
Is 9 a factor of 117797?
False
Is 568 a factor of 13508777?
False
Is 151876 a multiple of 6?
False
Is 7653750 a multiple of 65?
True
Does 28 divide 211602?
False
Is 12 a factor of 254676?
True
Does 38 divide 2876703?
False
Is 1577894 a multiple of 10?
False
Does 51 divide 15593710?
False
Is 23 a factor of 2882613?
True
Is 400651 a multiple of 141?
False
Is 24 a factor of 1689287?
False
Does 37 divide 46805?
True
Is 750 a factor of 1794000?
True
Is 1355 a factor of 1999980?
True
Does 25 divide 4021175?
True
Does 30 divide 2451919?
False
Is 763196 a multiple of 512?
False
Is 515461 a multiple of 10?
False
Is 2810125 a multiple of 114?
False
Is 9 a factor of 371034?
True
Is 136 a factor of 279089?
False
Is 5451 a multiple of 11?
False
Is 31 a factor of 4336701?
False
Is 1443794 a multiple of 146?
True
Is 298 a factor of 620268?
False
Is 19 a factor of 1992625?
True
Is 37 a factor of 299472?
False
Does 15 divide 831743?
False
Is 18 a factor of 550962?
True
Does 84 divide 2129946?
False
Is 1009640 a multiple of 469?
False
Is 283 a factor of 118780?
False
Is 40 a factor of 77120?
True
Is 106 a factor of 688576?
True
Does 56 divide 54712?
True
Does 54 divide 4103244?
True
Is 38710 a multiple of 79?
True
Is 74 a factor of 666296?
True
Is 14 a factor of 1047557?
False
Is 1544337 a multiple of 549?
True
Is 629 a factor of 648499?
True
Is 820 a factor of 60842?
False
Is 4324116 a multiple of 74?
True
Is 134 a factor of 3646842?
False
Does 61 divide 50142?
True
Does 4 divide 340503?
False
Is 377556 a multiple of 2?
True
Is 4500 a multiple of 36?
True
Is 223600 a multiple of 9?
False
Is 220705 a multiple of 84?
False
Does 16 divide 168179?
False
Is 334 a factor of 547760?
True
Does 17 divide 2310708?
True
Is 25 a factor of 14146727?
False
Is 21 a factor of 62080?
False
Does 25 divide 813451?
False
Is 43 a factor of 1937494?
True
Does 2 divide 151232?
True
Is 55197 a multiple of 2?
False
Is 1098153 a multiple of 7?
True
Is 44172 a multiple of 36?
True
Does 14 divide 5773724?
False
Does 68 divide 702508?
True
Does 60 divide 26575620?
True
Does 42 divide 63042?
True
Is 8 a factor of 939534?
False
Does 200 divide 3923286?
False
Does 20 divide 39220?
True
Is 152 a factor of 236907?
False
Is 8 a factor of 323001?
False
Does 44 divide 3729616?
True
Does 395 divide 157605?
True
Does 79 divide 2548386?
False
Is 312822 a multiple of 18?
True
Does 72 divide 4102560?
True
Is 61 a factor of 242414?
True
Is 4217876 a multiple of 116?
True
Does 326 divide 629166?
False
Is 755 a factor of 4052085?
True
Is 55463 a multiple of 3?
False
Is 728095 a multiple of 456?
False
Is 58161 a multiple of 2?
False
Does 25 divide 6164065?
False
Does 3 divide 3378?
True
Does 16 divide 2526538?
False
Is 28 a factor of 439236?
True
Does 458 divide 2115960?
True
Is 56824 even?
True
Is 15 a factor of 1095770?
False
Is 256 a factor of 1396219?
False
Is 318448 a multiple of 26?
True
Does 12 divide 16600827?
False
Is 25000 a multiple of 5?
True
Does 163 divide 7515278?
True
Is 33 a factor of 88176?
True
Is 160 a factor of 573541?
False
Is 251 a factor of 38170323?
True
Is 57582 a multiple of 18?
True
Does 101 divide 8810558?
False
Does 22 divide 104977?
False
Is 325815 a multiple of 107?
True
Is 22484 a multiple of 3?
False
Is 1340954 a multiple of 37?
True
Does 476 divide 25665444?
True
Is 242 a factor of 414276?
False
Does 8 divide 924800?
True
Does 12 divide 183864?
True
Is 39455 a multiple of 176?
False
Does 78 divide 173745?
False
Is 130831 a multiple of 2?
False
Does 71 divide 494416?
False
Is 338 a factor of 1434361?
False
Is 273897 a multiple of 9?
True
Is 46584 a multiple of 21?
False
Does 4 divide 195004?
True
Does 71 divide 1004742?
False
Is 6 a factor of 51823?
False
Is 63 a factor of 446986?
False
Does 64 divide 390912?
True
Is 272109 a multiple of 8?
False
Does 25 divide 5102400?
True
Is 481536 a multiple of 768?
True
Is 9624 a multiple of 8?
True
Is 91 a factor of 16413?
False
Does 35 divide 1303890?
True
Does 68 divide 161605?
False
Does 9 divide 1089351?
True
Is 5027915 a multiple of 17?
False
Does 44 divide 269425?
False
Is 357762 a multiple of 60?
False
Is 7919288 a multiple of 26?
True
Is 581902 a multiple of 131?
True
Does 5 divide 119137?
False
Is 203 a factor of 77952?
True
Is 14 a factor of 18242?
True
Is 104 a factor of 1439249?
False
Is 4198829 a multiple of 4?
False
Does 8 divide 3494456?
True
Does 8 divide 2600?
True
Is 145 a factor of 1136945?
True
Is 55 a factor of 7386908?
False
Is 248952 a multiple of 154?
False
Is 9384 a multiple of 34?
True
Is 80 a factor of 37440?
True
Is 1958921 a multiple of 301?
False
Is 7 a factor of 917728?
True
Does 7 divide 274535?
False
Does 49 divide 352468?
False
Does 5 divide 2062388?
False
Is 928702 a multiple of 152?
False
Does 121 divide 57112?
True
Does 80 divide 1971760?
True
Is 669 a factor of 5743365?
True
Is 652377 a multiple of 19?
False
Is 5 a factor of 51615?
True
Is 717491 a multiple of 11?
False
Is 5 a factor of 1326115?
True
Does 12 divide 73968?
True
Is 837352 a multiple of 131?
True
Does 62 divide 3704748?
True
Is 17 a factor of 14776689?
True
Does 139 divide 7173929?
True
Does 773 divide 559652?
True
Is 145 a factor of 1136325?
False
Does 24 divide 3359631?
False
Does 282 divide 15948919?
False
Is 290 a factor of 1